{"version":"1.0","provider_name":"M\u00e1t\u00e9 Claudia photography","provider_url":"https:\/\/claudiaphotography.cafeblog.hu","author_name":"Claudia Photography","author_url":"https:\/\/claudiaphotography.cafeblog.hu\/author\/claudia_photography\/","title":"\u00c9jjeli haj\u00e1pol\u00e1s!","html":"<p><img class=\" wp-image-115 aligncenter\" src=\"https:\/\/claudiaphotography.cafeblog.hu\/files\/2017\/05\/DSC_8896-1-copy-288x300.jpg\" alt=\"\" width=\"453\" height=\"472\" \/><\/p>\r\n<p>Egy hossz\u00fa hajkorona nagy odafigyel\u00e9ssel marad sz\u00e9p eg\u00e9szs\u00e9ges.<\/p>\r\n<p>A k\u00fcl\u00f6nf\u00e9le samponok, balzsamok, kencefic\u00e9k mellett nagyon kell \u00fcgyelni pl. hogy mivel, hogy \u00e9s h\u00e1nyszor f\u00e9s\u00fclj\u00fck ki loboncunkat. Mivel a f\u00e9s\u00fcl\u00e9ssel is nagy k\u00e1rokat tudunk okozni.<\/p>\r\n<p>&nbsp;<\/p>\r\n<p>De m\u00e9g enn\u00e9l is fontosabbnak tartom, hogy ne kibontott hajjal aludjunk. Mivel az \u00e9jszaka folyam\u00e1n sz\u00e1mtalanszor forgol\u00f3dunk, d\u00f6rzs\u00f6lj\u00fck hajunkat\u00a0 a p\u00e1rn\u00e1hoz.<\/p>\r\n<p>Egy az, hogy tiszta gubanc lesz reggelre, a m\u00e1sik, hogy megt\u00f6rj\u00fck hajsz\u00e1lainkat.<\/p>\r\n<p>&nbsp;<\/p>\r\n<p>Hogy mi a megold\u00e1s?<\/p>\r\n<p>\u00c9n a fejem b\u00fabj\u00e1ra egy laza kontyot szoktam k\u00e9sz\u00edteni.<\/p>\r\n<p>De vigy\u00e1zat!\u00a0 Nem hajgumival ami szint\u00e9n csak megt\u00f6ri, hanem egy nagyfog\u00fa hajcsattal, ami csak r\u00f6gz\u00edti. Sokkal k\u00e9nyelmesebb maga az alv\u00e1s, \u00e9s m\u00e9g a hajunk is sz\u00e9p\u00fcl. J\u00f3 \u00fagy \u00e9bredni, hogy nem tekeredt\u00e9l vagy \u00f6tsz\u00f6r bele az \u00e9jszaka folyam\u00e1n :D \u00a0Pr\u00f3b\u00e1lj\u00e1tok ki!<\/p>\r\n<p>&nbsp;<\/p>\r\n<p>Amennyiben tetszett a cikk \u00e9s szeretn\u00e9l t\u00f6bbet megtudni r\u00f3lam kattints, weboldalamra:\u00a0 <a href=\"http:\/\/claudiaphotography.wixsite.com\/claudiaphotography\">http:\/\/claudiaphotography.wixsite.com\/claudiaphotography<\/a><\/p>","type":"rich","thumbnail_url":"https:\/\/claudiaphotography.cafeblog.hu\/files\/2017\/05\/DSC_8896-1-copy-150x150.jpg","thumbnail_width":150,"thumbnail_height":150}

Máté Claudia photography

Éjjeli hajápolás!

<p><img class=" wp-image-115 aligncenter" src="https://claudiaphotography.cafeblog.hu/files/2017/05/DSC_8896-1-copy-288x300.jpg" alt="" width="453" height="472" /></p>
<p>Egy hosszú hajkorona nagy odafigyeléssel marad szép egészséges.</p>
<p>A különféle samponok, balzsamok, kenceficék mellett nagyon kell ügyelni pl. hogy mivel, hogy és hányszor fésüljük ki loboncunkat. Mivel a fésüléssel is nagy károkat tudunk okozni.</p>
<p>&nbsp;</p>
<p>De még ennél is fontosabbnak tartom, hogy ne kibontott hajjal aludjunk. Mivel az éjszaka folyamán számtalanszor forgolódunk, dörzsöljük hajunkat  a párnához.</p>
<p>Egy az, hogy tiszta gubanc lesz reggelre, a másik, hogy megtörjük hajszálainkat.</p>
<p>&nbsp;</p>
<p>Hogy mi a megoldás?</p>
<p>Én a fejem búbjára egy laza kontyot szoktam készíteni.</p>
<p>De vigyázat!  Nem hajgumival ami szintén csak megtöri, hanem egy nagyfogú hajcsattal, ami csak rögzíti. Sokkal kényelmesebb maga az alvás, és még a hajunk is szépül. Jó úgy ébredni, hogy nem tekeredtél vagy ötször bele az éjszaka folyamán :D  Próbáljátok ki!</p>
<p>&nbsp;</p>
<p>Amennyiben tetszett a cikk és szeretnél többet megtudni rólam kattints, weboldalamra:  <a href="http://claudiaphotography.wixsite.com/claudiaphotography">http://claudiaphotography.wixsite.com/claudiaphotography</a></p>
